{"id":86,"date":"2022-04-27T18:55:40","date_gmt":"2022-04-27T16:55:40","guid":{"rendered":"https:\/\/blogcom.univ-angers.fr\/bienvenue\/?page_id=86"},"modified":"2023-07-03T16:33:41","modified_gmt":"2023-07-03T14:33:41","slug":"bourses-et-aides","status":"publish","type":"page","link":"https:\/\/blogcom.univ-angers.fr\/bienvenue\/fr\/vie-pratique\/bourses-et-aides\/","title":{"rendered":"Bourses et aides"},"content":{"rendered":"\n<h1 class=\"wp-block-heading\">Simulateurs d&rsquo;aides <\/h1>\n\n\n\n<p>Pour conna\u00eetre l&rsquo;ensemble des aides et bourses auxquelles vous avez droit, proc\u00e9dez \u00e0 une simulation sur le site national \u00ab\u00a01jeune1solution\u00a0\u00bb et\/ou sur le site r\u00e9gional \u00ab\u00a0Je vis en Pays de la Loire &#8211; \u00e0 quoi ai-je droit?\u00a0\u00bb . Attention, si vous \u00eates \u00e0 la charge de vos parents, il vous faudra renseigner leur revenu brut global (dernier avis fiscal).<\/p>\n\n\n\n<p><a rel=\"noopener\" href=\"https:\/\/www.1jeune1solution.gouv.fr\/mes-aides\" target=\"_blank\">Consulter la boussole des aides #1jeune1solution<\/a><\/p>\n\n\n\n<p>Consulter le simulateur d&rsquo;aides <a href=\"https:\/\/www.infos-jeunes.fr\/je-vis-en-pays-de-la-loire-quoi-ai-je-le-droit\" target=\"_blank\" rel=\"noreferrer noopener\">\u00ab\u00a0Je vis en Pays de la Loire &#8211; A quoi ai-je droit?\u00a0\u00bb<\/a><\/p>\n\n\n\n<h1 class=\"wp-block-heading\">Aides du Crous<\/h1>\n\n\n\n<p>Le Crous propose diff\u00e9rentes aides : bourses sur crit\u00e8res sociaux, aides sp\u00e9cifiques, au m\u00e9rite, \u00e0 la mobilit\u00e9 etc.<\/p>\n\n\n\n<ul class=\"wp-block-list\">\n<li><a href=\"https:\/\/www.crous-nantes.fr\/bourses\/\" target=\"_blank\" rel=\"noopener\">Infos bourses sur crit\u00e8res sociaux<\/a><\/li>\n\n\n\n<li><a href=\"https:\/\/www.crous-nantes.fr\/bourses\/les-autres-aides-financieres\/\" target=\"_blank\" rel=\"noopener\">Infos sur les autres aides<\/a><\/li>\n<\/ul>\n\n\n\n<h1 class=\"wp-block-heading\">Aides du D\u00e9partement du Maine et Loire<\/h1>\n\n\n\n<p>Le D\u00e9partement du Maine et Loire peut proposer certaines aides, sous conditions. <a href=\"https:\/\/www.maine-et-loire.fr\/aides-et-services\" target=\"_blank\" rel=\"noopener\">En savoir plus<\/a><\/p>\n\n\n<div class=\"wp-block-image\">\n<figure class=\"alignright size-full\"><img loading=\"lazy\" decoding=\"async\" width=\"201\" height=\"201\" src=\"http:\/\/blogcom.univ-angers.fr\/bienvenue\/wp-content\/uploads\/sites\/19\/2022\/05\/illu_site_marentree_bourses.png\" alt=\"\" class=\"wp-image-539\" srcset=\"https:\/\/blogcom.univ-angers.fr\/bienvenue\/wp-content\/uploads\/sites\/19\/2022\/05\/illu_site_marentree_bourses.png 201w, https:\/\/blogcom.univ-angers.fr\/bienvenue\/wp-content\/uploads\/sites\/19\/2022\/05\/illu_site_marentree_bourses-150x150.png 150w, https:\/\/blogcom.univ-angers.fr\/bienvenue\/wp-content\/uploads\/sites\/19\/2022\/05\/illu_site_marentree_bourses-70x70.png 70w, https:\/\/blogcom.univ-angers.fr\/bienvenue\/wp-content\/uploads\/sites\/19\/2022\/05\/illu_site_marentree_bourses-125x125.png 125w\" sizes=\"auto, (max-width: 201px) 100vw, 201px\" \/><\/figure>\n<\/div>\n\n\n<div class=\"wp-block-group bloc-beige-droite\"><div class=\"wp-block-group__inner-container is-layout-flow wp-block-group-is-layout-flow\">\n<div class=\"wp-block-columns is-layout-flex wp-container-core-columns-is-layout-9d6595d7 wp-block-columns-is-layout-flex\">\n<div class=\"wp-block-column is-layout-flow wp-block-column-is-layout-flow\" style=\"flex-basis:100%\">\n<h1 class=\"wp-block-heading\">Obligation d&rsquo;assiduit\u00e9<\/h1>\n\n\n\n<p>Les \u00e9tudiants boursiers sont soumis \u00e0 l&rsquo;obligation d&rsquo;assiduit\u00e9 aux cours, stages, TP et TD. Leur pr\u00e9sence aux examens et aux contr\u00f4les continus est exig\u00e9e sous peine de remboursement des sommes per\u00e7ues. Toutes les absences doivent \u00eatre justifi\u00e9es aupr\u00e8s de la scolarit\u00e9.<\/p>\n<p><a href=\"http:\/\/www.etudiant.gouv.fr\/cid96339\/droits-obligations-des-boursiers.html\" target=\"_blank\" rel=\"noopener\">En savoir plus<\/a><\/p>\n<\/div>\n<\/div>\n<\/div><\/div>\n","protected":false},"excerpt":{"rendered":"<p>Simulateurs d&rsquo;aides Pour conna\u00eetre l&rsquo;ensemble des aides et bourses auxquelles vous avez droit, proc\u00e9dez \u00e0 une simulation sur le site &hellip; <\/p>\n","protected":false},"author":3,"featured_media":0,"parent":252,"menu_order":5,"comment_status":"closed","ping_status":"closed","template":"","meta":{"inline_featured_image":false,"footnotes":""},"class_list":["post-86","page","type-page","status-publish","hentry"],"featured_image_src":null,"_links":{"self":[{"href":"https:\/\/blogcom.univ-angers.fr\/bienvenue\/wp-json\/wp\/v2\/pages\/86","targetHints":{"allow":["GET"]}}],"collection":[{"href":"https:\/\/blogcom.univ-angers.fr\/bienvenue\/wp-json\/wp\/v2\/pages"}],"about":[{"href":"https:\/\/blogcom.univ-angers.fr\/bienvenue\/wp-json\/wp\/v2\/types\/page"}],"author":[{"embeddable":true,"href":"https:\/\/blogcom.univ-angers.fr\/bienvenue\/wp-json\/wp\/v2\/users\/3"}],"replies":[{"embeddable":true,"href":"https:\/\/blogcom.univ-angers.fr\/bienvenue\/wp-json\/wp\/v2\/comments?post=86"}],"version-history":[{"count":7,"href":"https:\/\/blogcom.univ-angers.fr\/bienvenue\/wp-json\/wp\/v2\/pages\/86\/revisions"}],"predecessor-version":[{"id":3777,"href":"https:\/\/blogcom.univ-angers.fr\/bienvenue\/wp-json\/wp\/v2\/pages\/86\/revisions\/3777"}],"up":[{"embeddable":true,"href":"https:\/\/blogcom.univ-angers.fr\/bienvenue\/wp-json\/wp\/v2\/pages\/252"}],"wp:attachment":[{"href":"https:\/\/blogcom.univ-angers.fr\/bienvenue\/wp-json\/wp\/v2\/media?parent=86"}],"curies":[{"name":"wp","href":"https:\/\/api.w.org\/{rel}","templated":true}]}}